= -5*j**3 - 2*j**2 + 188*j - 187. Give n(1).
-6
Let p(r) = -93*r + 386. Determine p(4).
14
Let t(k) = 4*k**2 - 173*k + 48. Calculate t(43).
5
Let l(u) = u**3 - 5*u**2 - 258*u + 1867. Give l(8).
-5
Let a(n) = -100*n - 1513. Determine a(-15).
-13
Let l(s) = 30*s - 158. What is l(15)?
292
Let m(z) = -z**3 + 74*z**2 - 274*z - 492. Determine m(70).
-72
Let i(n) = n**3 - 18*n**2 - 319*n - 17. What is i(29)?
-17
Let p(b) = -b**2 - 91*b - 1204. Determine p(-16).
-4
Let t(f) = -18*f**2 - 13*f + 8. Determine t(-3).
-115
Let s(f) = f**3 + 55*f**2 - 120*f - 324. Give s(-57).
18
Let o(i) = 3*i**3 - 62*i**2 + 38*i + 26. Determine o(20).
-14
Let r(y) = -1772*y - 12380. Give r(-7).
24
Let n(s) = s**2 - 223*s - 33175. Determine n(325).
-25
Let f(v) = -v**2 - 10*v + 85. Calculate f(7).
-34
Let i(z) = -681*z - 32692. Give i(-48).
-4
Let s(n) = 7*n**2 + 145*n + 174. What is s(-19)?
-54
Let m(r) = -2*r**3 + 49*r**2 - 45*r + 126. Determine m(24).
-378
Let l(k) = -2*k**2 + 23*k + 59. Calculate l(13).
20
Let y(n) = 53*n + 848. What is y(-18)?
-106
Let w(g) = -g**3 - 32*g**2 - 195*g - 35. Determine w(-8).
-11
Let l(r) = r**3 + 11*r**2 - 108*r + 27. What is l(6)?
-9
Let i(a) = -21*a**2 - 12*a - 59. Calculate i(-6).
-743
Let b(p) = -p**3 + 10*p**2 + 128*p - 1237. Give b(11).
50
Let g(l) = l**3 + 14*l**2 + 24*l + 26. Determine g(-7).
201
Let v(y) = 114*y + 9222. What is v(-81)?
-12
Let t(c) = -37*c + 1936. What is t(52)?
12
Let s(q) = 22*q - 730. What is s(32)?
-26
Let f(c) = 255*c**2 + c - 2. Calculate f(1).
254
Let s(z) = -z**2 - 6*z + 348. Calculate s(-23).
-43
Let d(o) = -6*o**3 - 396*o**2 + 2*o + 121. Give d(-66).
-11
Let d(l) = -22*l**2 + 5*l + 8. What is d(-3)?
-205
Let l(q) = -18*q + 263. Calculate l(15).
-7
Let d(m) = -45*m + 732. Calculate d(15).
57
Let a(i) = -21529*i + 107645. Calculate a(5).
0
Let q(h) = -67*h - 3. Give q(-4).
265
Let f(x) = -x + 139. What is f(35)?
104
Let q(f) = 3*f**2 + 15*f - 207. Determine q(9).
171
Let a(y) = -79*y**2 + 173*y + 4. What is a(2)?
34
Let r(o) = o**3 + o**2 - 4*o + 5. What is r(-3)?
-1
Let g(m) = 3*m**2 + 13*m + 171. Give g(10).
601
Let l(h) = h**2 - 45*h + 530. Give l(27).
44
Let h(l) = 3*l**2 + 63*l + 286. Determine h(-14).
-8
Let n(g) = 49*g - 692. Determine n(13).
-55
Let v(j) = -3*j**3 + 443*j**2 - 729*j - 132. Calculate v(146).
14
Let k(f) = f**3 + 17*f**2 - 31*f + 7. Calculate k(-19).
-126
Let z(w) = w**3 + 45*w**2 + 50*w + 258. What is z(-44)?
-6
Let u(k) = 308*k - 75. Calculate u(0).
-75
Let v(t) = 2*t**2 + 35*t + 131. Calculate v(-13).
14
Let t(r) = -r**3 - 8*r**2 - 20*r - 85. What is t(-6)?
-37
Let r(h) = 134*h - 121. Determine r(1).
13
Let n(a) = -a**2 - 15*a + 89. Calculate n(-21).
-37
Let o(u) = -u**2 + 25*u + 81. Give o(-3).
-3
Let l(n) = -n**3 + n**2 + 112*n - 36. Give l(-7).
-428
Let r(h) = 21*h - 286. What is r(17)?
71
Let b(s) = 74*s + 469. What is b(-7)?
-49
Let f(l) = 352*l + 1415. What is f(-4)?
7
Let w(n) = -2*n**3 - 3*n**2 + 52*n - 368. What is w(7)?
-837
Let j(a) = -1185*a + 55697. What is j(47)?
2
Let d(n) = 3*n**2 - 200*n + 3166. Give d(41).
9
Let j(d) = -4*d**2 - 24*d - 13. Give j(-10).
-173
Let w(r) = 7*r**3 - 5*r**2 - 11*r + 7. What is w(-3)?
-194
Let s(z) = -234*z - 114. Calculate s(-1).
120
Let n(a) = 17*a**2 + 8*a + 5. Calculate n(-2).
57
Let z(r) = -16*r - 399. What is z(-37)?
193
Let c(n) = n**3 - 18*n**2 - 59*n + 29. Give c(21).
113
Let y(q) = q**2 - 89*q + 1362. Determine y(63).
-276
Let f(i) = -2*i**3 + 19*i**2 + 90*i - 895. What is f(9)?
-4
Let x(w) = -4*w**3 + 12*w + 41. Give x(-3).
113
Let w(v) = v**2 + 1409*v - 7067. What is w(5)?
3
Let i(r) = -5*r**3 - 35*r**2 - 595*r - 3399. Determine i(-6).
-9
Let v(w) = 2*w**2 + 121*w + 612. Determine v(-55).
7
Let j(a) = -114*a**2 + 1025*a - 1. Determine j(9).
-10
Let g(v) = -v**2 + 366*v + 1850. Determine g(-5).
-5
Let i(f) = 52*f**3 - f**2 - 9*f + 11. Calculate i(1).
53
Let v(x) = -x**2 - 589*x + 147. What is v(0)?
147
Let w(x) = 7*x**2 + 1843*x - 1355. What is w(-264)?
-35
Let h(f) = -4183*f + 33464. What is h(8)?
0
Let v(c) = -10*c**2 - 1925*c - 932. Give v(-192).
28
Let g(t) = t**3 + 16*t**2 + 19*t + 36. Determine g(-15).
-24
Let x(d) = d**3 + 17*d**2 - 103*d + 83. Give x(-22).
-71
Let a(x) = x**3 - 16*x**2 + 4*x - 31. Give a(16).
33
Let k(w) = -191*w - 59976. Give k(-314).
-2
Let f(t) = -t**2 - 496*t - 25404. Calculate f(-58).
0
Let n(d) = d**2 - 106*d + 2531. Give n(70).
11
Let h(x) = -7*x**3 + 322*x**2 + 5*x + 83. Give h(46).
313
Let b(o) = -o**3 + o**2 + 35*o + 21. Calculate b(0).
21
Let o(h) = 124*h - 3238. Determine o(26).
-14
Let b(a) = -a**2 - 23*a + 350. Calculate b(-33).
20
Let o(k) = -8529*k + 76767. Calculate o(9).
6
Let b(v) = 9*v + 507. What is b(-54)?
21
Let w(k) = -k + 77. What is w(11)?
66
Let p(g) = -70*g + 2492. Calculate p(36).
-28
Let s(p) = 577*p - 2336. Calculate s(4).
-28
Let m(d) = -42*d - 309. Determine m(-12).
195
Let i(b) = b**2 - 38*b + 24. Give i(37).
-13
Let n(t) = 77*t - 846. Determine n(11).
1
Let b(u) = -5*u**3 - 2*u**2 - 12. Give b(-3).
105
Let p(k) = -27*k - 98. Give p(-6).
64
Let v(w) = w**3 - 580*w - 34. Give v(-24).
62
Let d(q) = -69*q + 872. Give d(13).
-25
Let x(o) = 610*o + 32941. Determine x(-54).
1
Let w(s) = -36*s + 439. What is w(12)?
7
Let u(i) = 73*i**2 + 12*i + 40. Determine u(-3).
661
Let u(i) = 4*i**3 - 181*i**2 + 48*i + 61. Determine u(45).
196
Let a(t) = 109*t - 3045. Calculate a(28).
7
Let c(n) = 15*n + 81. Calculate c(-10).
-69
Let l(m) = m**3 + 45*m**2 + 313*m - 135. Calculate l(-36).
261
Let a(g) = -12*g - 57. Calculate a(-6).
15
Let r(l) = 22*l - 882. Determine r(41).
20
Let x(y) = 3*y - 172. Calculate x(-31).
-265
Let q(c) = 2*c**3 - 118*c**2 - 249*c + 309. Determine q(61).
4
Let o(p) = p**3 - 16*p**2 - 372*p - 177. Calculate o(29).
-32
Let w(s) = s**3 - 8*s**2 - 4*s - 4. Give w(5).
-99
Let k(t) = -t**2 - t - 150. Determine k(0).
-150
Let k(i) = i**2 + 58*i + 362. What is k(-7)?
5
Let a(c) = -3*c - 23. Give a(-2).
-17
Let r(i) = -24*i + 515. Determine r(16).
131
Let a(k) = -4*k**2 + 106*k + 426. Calculate a(30).
6
Let d(w) = 4*w**2 - 47*w - 6. What is d(12)?
6
Let y(f) = 330*f**2 + 17*f + 2. Calculate y(2).
1356
Let y(t) = 45*t - 1715. Give y(38).
-5
Let q(k) = -12*k**3 + 10*k**2 + k + 4. Calculate q(2).
-50
Let s(m) = 4*m**3 + 135*m**2 - 35*m - 8. What is s(-34)?
26
Let h(s) = s**3 - 33*s**2 + 271*s - 5. Determine h(15).
10
Let q(f) = f**2 + 264*f + 2080. Give q(-8).
32
Let r(d) = 35*d**2 - 58*d - 251. Give r(-2).
5
Let b(h) = -2*h**3 + 41*h**2 - 206*h + 21. Determine b(12).
-3
Let a(l) = -6*l**3 - 10*l**2 - 26*l - 2. Calculate a(-3).
148
Let s(a) = 24*a - 7. Give s(1).
17
Let l(i) = -3*i**2 - 31*i - 66. Calculate l(-17).
-406
Let j(h) = 218*h - 390. What is j(2)?
46
Let d(o) = o**2 + 52*o - 217. Determine d(4).
7
Let r(c) = -4*c**2 + 337*c + 1013. Give r(-3).
-34
Let v(u) = u**2 - 6*u - 402. Determine v(-18).
30
Let u(t) = 61*t**3 - 2*t**2 - 5*t - 3. Give u(-1).
-61
Let t(f) = f**3 + 9*f**2 + 129*f + 957. Calculate t(-8).
-11
Let l(d) = 57*d + 21. What is l(-3)?
-150
Let c(a) = a**3 + 211*a**2 - 1290*a + 2632. What is c(-217)?
28
Let l(v) = -v**3 - 18*v**2 - 50*v + 56. Give l(-13).
-139
Let z(c) = -2*c**2 - 52*c + 389. Determine z(-32).
5
Let j(n) = 3*n**3 - 17*n**2 - 17*n + 118. What is j(6)?
52
Let u(b) = b**3 - 50*b**2 - 30*b + 3815. Give u(49).
-56
Let v(p) = 2*p**3 + 28*p**2 + 80*p + 129. Calculate v(-11).
-25
Let g(a) = 242*a**3 - a**2 + 52*a - 52. Calculate g(1).
241
Let j(r) = -2*r**3 - 36*r**2 - 63*r + 6. Determine j(-16).
-10
Let c(o) = o**3 - 28*o**2 + 94*o + 18. Calculate c(24).
-30
Let i(m) = -m**3 + 8*m**2 + 42*m - 258. Calculate i(5).
27
Let k(s) = 3*s**2 + 267*s - 239. Give k(-89).
-239
Let m(w) = 44*w + 318. Calculate m(-13).
-254
Let q(x) = -x**3 + 14*x**2 - 17*x + 1151. Give q(17).
-5
Let x(y) = y**3 + 12*y**2 + 37*y - 8. Determine x(-3).
-38
Let t(d) = -d**2 - 29*d + 364. What is t(10)?
-26
Let w(y) = -30*y + 155. Give w(5).
5
Let o(x) = 26*x - 1272. What is o(49)?
2
Let s(j) = -j**2 - 13*j + 21. Give s(-8).
61
Let y(v) = 83*v - 73. Determine y(1).
10
Let m(f) = -27*f - 199. Calculate m(-2).
-145
Let n(b) = -104*b**2 + 6*b + 3. Calculate n(-1).
-107
Let w(z) = 122*z - 1137. Determine w(11).
205
Let u(k) = k**3 + 10*k**2 + 28*k + 98. What is u(-8)?
2
Let 